t t(x) = -3*x - 9. Let p be t(-3). Suppose p = -2*v + 2*m + 20, -3*v + 0*v = 5*m - 62. What is the greatest common factor of 2 and v?
2
Suppose k + 2024 = 5*d + 768, 2*k - 8 = 0. Let a(t) = 5*t**3 - 4*t**2 + 2*t. Let x be a(2). What is the highest common factor of d and x?
28
Let m = 168 - 97. Suppose 8*w - m = 57. What is the greatest common divisor of 4 and w?
4
Let q = -378 - -419. What is the greatest common factor of 246 and q?
41
Let g(o) = -o**2 - 2*o - 5. Let l be g(-5). Let f be l/3*6/(-4). Suppose -3*w - 3 = -78. What is the highest common divisor of w and f?
5
Suppose -8440 = -44*p - 2896. What is the greatest common factor of 45 and p?
9
Suppose 0*g + 284 = -4*g. Let t = g + 81. What is the greatest common factor of t and 5?
5
Let x(p) = 4*p + 6. Let o be x(-2). Let y be (-50)/(-1)*((-20)/(-8) + o). What is the greatest common divisor of y and 275?
25
Let o be (-2)/((-20)/(-90)) - -65. What is the highest common factor of o and 392?
56
Let x = 11 - 13. Let i be ((-8)/(-28))/(x/(-14)). Suppose 2*l - 27 = 3*b + 50, l - i*b - 40 = 0. Calculate the greatest common factor of 17 and l.
17
Let i(n) = 223*n**2 + 11*n + 12. Let y be i(-1). What is the highest common factor of 84 and y?
28
Let c be ((-24)/(-10))/(23653/1575 - 15). Let u(x) = 6*x**2 - 2*x - 1. Let f be u(-2). What is the greatest common factor of f and c?
27
Let j be 1209/15 - 57/95. Suppose -x - 5*l + 10 = 0, -3*x - 2*x - 2*l + 96 = 0. Calculate the greatest common factor of j and x.
20
Let x be (4*(-3)/9)/((-2)/3). Suppose 5*r - 4*p - 33 = 4*r, x*p = -4*r + 60. Calculate the highest common divisor of 187 and r.
17
Suppose -2*r + 121 = -2*q - q, q - 187 = -3*r. Suppose 9*h - 7*h - 181 = n, -h - 3*n + 108 = 0. Calculate the greatest common divisor of r and h.
31
Let k(w) = -w**2 - 138*w - 2543. Let o be k(-116). Let b = -26 - -143. Calculate the greatest common factor of b and o.
9
Suppose 0 = 10*a + 2*a - 1344. Let f be (-55)/(-4) - ((-38)/(-8) + -5). Calculate the greatest common divisor of a and f.
14
Let h be ((-76)/(-57))/(1/3). Let r be 1/((-6)/h*6/(-162)). What is the greatest common factor of 6 and r?
6
Let v = -22 + 28. Let k(a) = -a**3 + 7*a**2 - 5*a - 2. Let s be k(v). Suppose 6 = 5*j - s, 46 = 4*r - 3*j. What is the highest common divisor of r and 117?
13
Let m = -28 - -40. Let l(o) = o**3 - 10*o**2 - 10*o + 8. Let k be l(m). What is the highest common factor of k and 16?
16
Let k(o) = 4 - 14*o + 15*o - 1. Let d be k(16). What is the highest common divisor of 95 and d?
19
Let p(r) = -3*r. Let k be p(-1). Let o = k - 1. Let y be o + -3 - (1 + -18). What is the greatest common divisor of 48 and y?
16
Let b(r) = r - 3. Let a(l) = -4*l - 27. Let u(h) = a(h) - 4*b(h). Suppose 3*o + 18 = -0*o. Let f be u(o). Calculate the greatest common factor of f and 3.
3
Suppose 4*v = -3*l + 22, 4*l + 5*v = 3*l + 22. Calculate the greatest common divisor of l and 46.
2
Suppose -4*m = b - 55, -5*b - 9*m = -4*m - 335. Calculate the highest common factor of 3 and b.
1
Let q(b) = b**3 - 70*b**2 + 137*b - 46. Let u be q(68). Calculate the highest common factor of u and 77.
11
Let i be 208/4 + 1224/(-162) + (-12)/27. Suppose 0*z = -4*z + 1584. Calculate the highest common factor of i and z.
44
Suppose 3*c = -5*z + 37, z - 4*c + 9 + 2 = 0. Suppose -6*o + z*o + 8 = 0. What is the highest common divisor of 88 and o?
8
Suppose 78 - 556 = -2*b - 4*n, 3*b - 3*n - 699 = 0. Calculate the highest common factor of 423 and b.
47
Let l(h) = -h**3 + 5*h**2 + 7*h + 10. Let v(r) = -r**2 - r + 1. Let p(x) = l(x) + 6*v(x). Let y be p(0). Calculate the highest common divisor of y and 96.
16
Let k(y) = y**2 + 12*y + 29. Let a(t) = -10*t**3 + 2*t**2 - t - 1. Let x be a(1). Let q be k(x). What is the greatest common factor of 36 and q?
9
Suppose 0 = -5*o + 137 + 703. Suppose 8*q = o - 48. Calculate the highest common divisor of 10 and q.
5
Let c = -100 - -127. Suppose u - 2*u = -13. Suppose -5*q + 32 = -u. Calculate the highest common factor of q and c.
9
Let k(j) = j. Let w(o) = o + 17. Let b be w(-11). Let d be k(b). Suppose -3*c = -5*t - 2*c + d, c - 8 = -2*t. Calculate the highest common factor of t and 10.
2
Let h(l) = -30 - l**2 + 8 - 6 - 12*l + 0*l. Let x be h(-8). Calculate the highest common divisor of 52 and x.
4
Let v(o) = 7*o. Let u be -2 + 3/(-3)*5. Let f be v(u). Let r = -37 - f. Calculate the highest common divisor of r and 48.
12
Let m(a) = -2*a + 37. Let i be m(-4). What is the greatest common factor of i and 27?
9
Let q be -15*(3 + 16/(-6)). Let o(m) = m**2 + 5*m. Let b be o(q). Let k be (31 - b) + 3 + -3. Calculate the greatest common divisor of k and 341.
31
Let g = -4 - -10. Suppose 2*c = 3*c - 2. Suppose c*l = 5*s - 55, 54 + 6 = 5*s - 3*l. Calculate the greatest common factor of s and g.
3
Let l be (-16)/(-3)*162/36. Suppose 5*y - l = 1. Let n be (y + 1)/(45/510). Calculate the greatest common factor of n and 102.
34
Suppose -3*d - 18 = 369. Let h = d - -150. Calculate the greatest common divisor of h and 147.
21
Let m(a) = 42*a - 871. Let f be m(21). Let y = -20 - -119. Calculate the greatest common factor of y and f.
11
Let m = -42 + 54. Suppose -i - 4*i - b + 16 = 0, -i - 5*b - 16 = 0. Calculate the greatest common divisor of i and m.
4
Let l be (5 - 1)*(-6)/(-8). Let t(a) = a**3 + 4*a**2 - 2*a - 6. Let w be t(-4). Suppose l*i = -w*i + 70. What is the greatest common factor of 56 and i?
14
Let i(b) = b**2 - 2*b - 15. Let t be i(6). Let a be 27 - t/(-3)*-1. What is the greatest common divisor of a and 120?
24
Let m be 32/72 - 1976/(-9). What is the highest common divisor of m and 20?
20
Suppose 10 = -5*o, 4*m - 3192 = -5*o + 8082. Calculate the highest common divisor of 91 and m.
91
Suppose -1459 + 163 = -6*l. What is the highest common divisor of l and 8?
8
Suppose 2*x - 18 = -0. Suppose -2*v + 86 + 76 = 0. What is the highest common divisor of v and x?
9
Let r be -46*(-4 + 14/4). Let a = r + -18. Let p be (a + -1)*6/4. Calculate the highest common divisor of p and 6.
6
Suppose -4*h = -3*s - 4, 5*h - 1 - 19 = 0. Suppose 20 = 5*m, 0 = 2*f + 5*m - 6 - 54. Calculate the greatest common divisor of s and f.
4
Let j(t) = 478*t**2 - 12*t - 9. Let k be j(-1). Calculate the greatest common divisor of k and 39.
13
Let c be 828/(-81) - (-2)/9. Let b be ((-4)/c)/(15/225). Suppose -2*p = 4*p - b. What is the highest common factor of 1 and p?
1
Let i = -228 + 252. Calculate the highest common divisor of 108 and i.
12
Let g(t) = t + 15. Let k be g(-3). Let p(l) = -l**2 + 18*l - 12. Let w be p(k). Calculate the highest common divisor of w and 36.
12
Suppose 1099 - 319 = 3*i. What is the highest common factor of 13 and i?
13
Let s be 33/18*22 + (-28)/84. Let d be (-1)/4 - 41/(-4). Calculate the highest common factor of s and d.
10
Let a(y) = 56*y - 4. Let t be a(4). Let h(k) be the second derivative of 7*k**4/4 + k**3/6 + 7*k. Let x be h(1). Calculate the highest common factor of x and t.
22
Let f = 4 - -1. Suppose 88 = 4*s - f*q + 36, 12 = 3*s + 3*q. Let v(c) = -17*c - 2. Let r be v(-2). What is the highest common divisor of r and s?
8
Let k = -964 + 1060. Let r(d) = -23*d - 5. Let q be r(-3). What is the greatest common divisor of q and k?
32
Let r(f) = -3*f**3 - 3*f**2 + 3*f + 9. Let x be r(-4). What is the greatest common factor of x and 6?
3
Let r = -415 + 440. What is the greatest common divisor of r and 175?
25
Let u be 5 - (-1679 - (6 - -2)). Calculate the greatest common divisor of 12 and u.
12
Let f = -337 - -364. Calculate the highest common divisor of 6 and f.
3
Let o be (-10)/180*8*-45. Let z = -5 + 0. Let f = -1 - z. What is the highest common factor of f and o?
4
Suppose -2*i = -3*j - 2*j - 64, -4*i + 128 = 3*j. Calculate the highest common divisor of i and 12.
4
Suppose 1 = 2*y - 3. Let t = 1004 + -1001. Suppose v - t*i = 2*i + 1, 0 = -y*v + 5*i + 17. What is the highest common divisor of v and 16?
16
Let b(y) = -y**2 + 13*y + 10. Let l be b(15). Let d = l - -25. Suppose d*p - 41 = 29. Calculate the greatest common divisor of 112 and p.
14
Suppose -4*c = -3*c - 12. Let i = -40 + 109. Suppose y - i = -3*v, -v + 142 - 439 = -5*y. What is the highest common factor of c and y?
12
Let t be 1/((4/(-3))/(-4)). Let d be 32/24*(-42)/(-8). Let a(v) = v**2 - 6*v + 5. Let k be a(d). What is t